common divisor of 22 and i.
22
Let a be (2 + 7)*4608/54. What is the highest common divisor of a and 48?
48
Let h = -448 + 526. Calculate the highest common factor of h and 174.
6
Let b be (6/2)/(-4 - (-68)/16). Suppose g - 3*x = -5, 5*x + 0 = -2*g + b. What is the greatest common factor of 3 and g?
1
Let k(y) = y**3 - 5*y**2 - 5*y - 1. Let j be k(6). Suppose -89 = -j*w + 26. Suppose -2*h + 26 = -20. Calculate the highest common factor of w and h.
23
Let q(b) = 22*b**2 + 10*b - 9. Let d be q(1). Calculate the highest common factor of d and 92.
23
Let c = -98 + 122. What is the greatest common divisor of 12 and c?
12
Let r(f) = -5*f - 1. Let d be 1 + -3*8/12. Let w be r(d). Suppose 0*s + 5*x = 2*s - 85, w*s = -5*x + 245. Calculate the highest common divisor of 5 and s.
5
Let j(s) = s**3 - 4*s**2 - 5*s + 5. Let v(x) = x - 10. Let r be v(13). Let d = r - -2. Let n be j(d). What is the greatest common factor of n and 15?
5
Let h(s) = 6*s**2 + 21*s + 3. Let n(o) = -3*o**2 - 11*o - 1. Let j(w) = 6*h(w) + 11*n(w). Let q be j(-4). Calculate the greatest common factor of 14 and q.
7
Let l be (-166)/(-4) - (-2)/4. Let i = -9 - -14. Suppose -g - 51 = -5*h, -h + i*h = 2*g + l. What is the greatest common divisor of h and 50?
10
Suppose 6*p - 2 = 70. Let l be (p/30)/((-1)/(-5)). Calculate the highest common divisor of l and 1.
1
Suppose 12*h - 87 = 273. What is the greatest common factor of 825 and h?
15
Let y be -67 + ((-4)/(-14) - 2/7). Let w = y - -89. What is the greatest common factor of 88 and w?
22
Let c(m) = -m**2 + 14*m + 2. Let s be c(14). Suppose -u - s*u + 12 = 0. Let f be 220/u + 0 - 4. Calculate the greatest common divisor of 17 and f.
17
Let m(b) = b**2 - 4*b - 5. Let f be m(3). Let k be 4/16 - 94/f. Calculate the greatest common factor of k and 132.
12
Let t(o) = o**2 - o - 5. Let j be t(5). Suppose 13*k + 53 = 248. What is the highest common factor of j and k?
15
Suppose s - c + 24 + 50 = 0, 5*s + 376 = 2*c. Suppose 0 = 4*m - 0*m + 624. Let r = s - m. What is the greatest common divisor of 20 and r?
20
Suppose -38*x = -390 - 978. What is the greatest common factor of x and 576?
36
Suppose r = 200 - 140. Calculate the greatest common divisor of 15 and r.
15
Let o = 102 - 60. Let y = -297 + 311. What is the greatest common divisor of o and y?
14
Suppose 3*i - 202 = 323. Calculate the greatest common divisor of 50 and i.
25
Suppose 3*u = 5*o + 8 + 13, o = 5*u - 13. Let v = -65 + 68. Let q be (-2 + (-60)/(-18))*v. Calculate the greatest common factor of u and q.
2
Let c(v) = -2*v + 65. Let f be c(6). Calculate the greatest common divisor of 1219 and f.
53
Suppose 460*x - 468*x + 21576 = 0. Calculate the greatest common divisor of x and 93.
93
Suppose -96 = -24*j + 21*j. Let x be (10/(-8))/((-4)/j). Suppose -4*k + 5*i + 146 + x = 0, -3*k = i - 136. What is the highest common factor of k and 110?
22
Suppose -4*c - 3 = -7*c. Let f be 2 + 1 + (c - 1). Let b be 1 + -1 - (4 + -13). What is the greatest common divisor of b and f?
3
Suppose 268 - 8 = -5*b. Let k = -25 - b. Suppose 5*c - 37 = -k. What is the highest common divisor of 22 and c?
2
Let f = -29 + 43. Let n be (-3 - 0) + -3 + f. Calculate the highest common divisor of n and 12.
4
Let r = -25 - 19. Let n be 0/1 - r/2. Let o(l) = 256*l + 1814. Let q be o(-7). Calculate the greatest common factor of n and q.
22
Let t(v) = 16*v - 51. Let k be t(9). What is the highest common factor of 1581 and k?
93
Let a = -16 + 93. Calculate the highest common factor of a and 7.
7
Let w = -610 + 645. Calculate the greatest common factor of 1855 and w.
35
Suppose -2*f = -3 - 7. Let h(t) = -1763*t**3 + t**2 - 3*t - 3. Let b be h(-1). Let y be (3/6)/(b/440 + -4). What is the greatest common divisor of f and y?
5
Suppose -1819 = -18*o + 845. What is the greatest common divisor of o and 185?
37
Suppose -595 = 74*w - 81*w. What is the greatest common divisor of w and 119?
17
Let p = -61 - -137. What is the greatest common factor of p and 19?
19
Let d(i) = 3*i**3 - i**2 - 2*i - 4. Let q be d(2). Let f be -4*(-1)/3*207/q. What is the highest common divisor of 115 and f?
23
Suppose 8*b = -0*b + 2800. Let m = b - 196. What is the highest common factor of m and 14?
14
Suppose 3*u - 172 - 107 = -4*r, 86 = r + 4*u. Calculate the greatest common divisor of r and 506.
22
Let u = -206 + 234. What is the highest common divisor of u and 105?
7
Let s = 1716 - 1699. Calculate the highest common divisor of 136 and s.
17
Let o = -662 + 1090. Suppose 5*n - 3*k = 414, 0 = 7*n - 2*n + 4*k - o. Let m = -763 + 775. Calculate the greatest common factor of m and n.
12
Let l be (-2)/(-1 - 3)*(95 - 19). Suppose 3*b + 8 = l. What is the greatest common factor of b and 55?
5
Let a be (3 - 5) + 12 + 2 + -5. Let p(x) = x**3 - x**2 + 35. Suppose -w = 4*w. Let r be p(w). What is the highest common factor of r and a?
7
Let m(t) = -t**3 + 27*t**2 + 131*t + 41. Let o be m(31). What is the highest common divisor of 18 and o?
6
Suppose -68 = 15*z - 19*z. Suppose z*a - 6*a = 154. Calculate the highest common factor of 35 and a.
7
Let w = -1240 + 1272. Calculate the highest common factor of w and 1.
1
Let x(w) = -w + 55. Let q be x(0). Let b = -18 - -24. Suppose -5*m = 0, 0 = 4*d + b*m - 2*m - 44. Calculate the greatest common factor of q and d.
11
Suppose 5*u - 42 = -2*j + 133, -4*u - 20 = 0. Let k be 246/10 - 12/(-30). Calculate the highest common divisor of k and j.
25
Let m(j) = -j**2 + 9*j - 5. Let x be m(6). Let v = 244 - 243. What is the highest common divisor of x and v?
1
Suppose -5*s + 3*d = -3312, 0*s - 5*s + 3308 = -2*d. Suppose -4*v - 2*o = -1290, v + s = 3*v + 4*o. Calculate the greatest common divisor of 32 and v.
32
Suppose -2*i - 9438 = -8*i. Let w be i/78 - 2/12. Calculate the greatest common divisor of 160 and w.
20
Let m(p) be the first derivative of 1/3*p**3 - 3/2*p**2 + 4 - 9*p. Let b be m(9). What is the highest common factor of b and 5?
5
Let t(u) = 7*u**2 + 7*u + 96. Let b be t(-12). Calculate the highest common factor of b and 60.
60
Suppose -7*c + 0*c = -196. Suppose 0 = -18*i + 15*i + 420. Calculate the highest common divisor of i and c.
28
Let v = -8 + 19. Let p(q) = -4*q - 155. Let d be p(-58). What is the greatest common divisor of d and v?
11
Let b(j) = 24*j - 258. Let p be b(11). Suppose -15 = -5*k + 45. Calculate the greatest common divisor of k and p.
6
Suppose -17*t = -24*t + 140. Let q(u) = 4*u**2 - u - 1. Let k be q(-2). Let h be (-1)/(2 + k/(-8)). What is the highest common factor of h and t?
4
Let m = -525 - -174. Let c be 1*8/((-24)/m). Calculate the greatest common factor of c and 13.
13
Let s be -7 + -2 + 10 + (-1 - -42). Let v = 63 - s. What is the highest common divisor of 231 and v?
21
Let j = 477 + -471. What is the greatest common divisor of j and 6?
6
Suppose 62 - 22 = 4*u. Let x be 2 + 2/(-1 - 0). Suppose x = -2*k + 4*k - d - 217, 4*d + 428 = 4*k. What is the highest common divisor of u and k?
10
Suppose 25*p + 30904 = 75004. What is the highest common divisor of p and 18?
18
Let r(o) = o**3 + 3*o**2 - o. Let t be r(-3). Let y = 14 - 8. What is the highest common divisor of y and t?
3
Let b = 22 + -17. Suppose q = -2, b*g - 2*q - 624 = 3*g. Calculate the highest common divisor of g and 31.
31
Suppose 29*y - 90 = 258. What is the highest common divisor of 16 and y?
4
Suppose 386 = 2*s - 9*f + 7*f, 0 = -s + 3*f + 187. What is the greatest common factor of s and 28?
28
Suppose 0 = 3*c - 6*c + 84. Suppose -10*i + 12*i = c. Calculate the greatest common factor of 42 and i.
14
Suppose -960 = -5*v - v. What is the greatest common factor of 30 and v?
10
Suppose -4*a + 0*y + 38 = -2*y, -a = 4*y - 14. Suppose -j + a*j = 72. What is the highest common divisor of 12 and j?
4
Suppose -16 = -0*u - 2*u. Let t(y) = -y**2 + 9*y - 5. Let j be t(7). Let v(n) = 2*n + 2. Let h be v(j). Calculate the greatest common divisor of h and u.
4
Suppose 4 = 4*a - 64. Let f = -14848 - -14899. What is the greatest common factor of f and a?
17
Let v be 13 + -3*(-8)/(-6). Let w be 5/(-5)*-1*v. Suppose 5*n = n + 36. Calculate the highest common divisor of n and w.
9
Let j be (125/(-50))/(5/(-8)). Let g be (-16)/(-12)*36/1. What is the greatest common factor of g and j?
4
Suppose 6*s + 3*s = 0. Suppose 9*i - 8*i - 20 = s. Calculate t